et i = o + 176. What is the tens digit of 0 - (2 - i) - 3?
5
Suppose x - 6*x + 5045 = 0. Suppose 289 = -4*j + x. What is the hundreds digit of j?
1
Suppose f - 232 = n, 2*n - 4*f - 452 = 4*n. What is the units digit of 12/48 + n/(-8)?
9
Let k(j) = -5*j**3 + 0*j**2 - 5*j**2 + 7*j**3 + 3*j**3 + 6. What is the units digit of k(3)?
6
What is the hundreds digit of -8 - (0 + -2 - 1507)?
5
Suppose 0 = -3*m + 7*m. Suppose -3*v + m*v + 11 = 4*z, 4*v = 4. What is the units digit of z?
2
Let z(l) = -l**2 - 12*l + 5. Let h(s) = 7*s - 4. Let t be h(12). Suppose 9*x - x = -t. What is the tens digit of z(x)?
2
Suppose 6*z - 4*z = 64. Suppose 2*f - 3*f = -z. What is the units digit of f?
2
Suppose 750 = h + 2*h. Let c = h + -85. Suppose -2*t - t = 4*w - c, 0 = w - 3. What is the tens digit of t?
5
Suppose -494 = -u + 550. What is the units digit of u?
4
Let g = 5683 + -3464. What is the thousands digit of g?
2
Suppose -2 = 12*n - 11*n. Let b(d) = -18*d**3 - 2*d**2 + 2*d. What is the units digit of b(n)?
2
What is the hundreds digit of (-43780)/22*(1 + 0 - 2)?
9
Suppose -2*w + 354 = v, -12*v - 708 = -4*w - 9*v. What is the hundreds digit of w?
1
Suppose 3*y = 4*y - 20. Suppose y = -0*w + 5*w. Suppose 2*m - w*z - 9 = z, -2*m - z = -15. What is the units digit of m?
7
Let x(t) = 12*t**2 + t. Let s be x(-1). Let l(v) = -11*v - 9*v**2 - 3*v**3 - s - v**2 + 2*v**3. What is the units digit of l(-9)?
7
Let h(y) = y**2 + 4*y + 2. Let i = 11 - 34. Let o = i + 16. What is the units digit of h(o)?
3
Let z = 11 - 7. Suppose -2*k + 91 = 2*k - 3*m, 2*k + z*m = 62. Suppose 5*q = 5*x - k, x - 10 = -x - 2*q. What is the units digit of x?
5
Let c be (155 - -4)*(-16)/(-12). Suppose c = -u + 5*u. Suppose 0 = 7*z - 8*z + u. What is the units digit of z?
3
Let s be (8/(-12))/(((-30)/(-81))/(-5)). Suppose -5*n + s*n - 664 = 0. What is the tens digit of n?
6
Let y = -4 - -6. Suppose 3*u - 141 = -a, -y*u = -0*a + 4*a - 84. What is the units digit of u?
8
Let v = 3149 + -234. What is the thousands digit of v?
2
Suppose 7*y = 2*y + 10. Suppose 34 = 2*h + y*i + 94, -4*h - i = 120. What is the units digit of (-84)/(-10) + h/75?
8
Suppose -17*c - 5362 = -14950. What is the hundreds digit of c?
5
Suppose -4*z + 446 = 2*v, 0 = -v - 0*v + 5*z + 188. What is the hundreds digit of v?
2
Let x(l) = -3*l + 20. Let b be 87/12*-3 - 1/4. What is the tens digit of x(b)?
8
Suppose 8628 = 3*d - 4*z + 757, -4*d + 10498 = -2*z. Suppose -2051 = -14*c + d. What is the units digit of c?
4
Let w(h) = -h**3 - 9*h**2 - 11*h + 6. Suppose y - 31 = 4*p, 0*y - y = 3*p + 25. Let n be w(p). What is the units digit of n/2 - (-2 - -5)?
2
Suppose 0 = -3*j - 7 + 19. Suppose j*i + 167 = 4*w - 97, -i = 2*w - 117. Suppose 2*r - 3*y = -y + 120, -r + w = -2*y. What is the units digit of r?
9
Let r(s) = -6*s**3 - 4*s**2 - 5*s - 1. Let k be r(4). What is the units digit of (1 - 3) + k/(-7)?
5
Let t(v) = -993*v + 173. What is the thousands digit of t(-2)?
2
Let g(h) = 16*h**3 + 5*h**2 + 17*h - 33. What is the tens digit of g(5)?
7
Let g(a) = -a**3 + 4*a**2 + 13*a - 8. Let y be g(6). Let f(m) = -13*m**3 - 4*m**2 - 4*m - 4. What is the units digit of f(y)?
2
Let c = -105 - -272. Suppose -j + 95 - 802 = -4*p, 3*j - c = -p. Suppose -2*r + y = -125, 6 = 3*r + 4*y - p. What is the units digit of r?
2
Suppose 13 = 4*n - 251. Let r be ((-1)/2)/((-4)/272). Suppose 5*x - r = n. What is the units digit of x?
0
Suppose 4*s = -c + 1741, -6*s + s + c = -2165. What is the tens digit of s?
3
What is the units digit of (-114)/(-513) - (-18860)/18?
8
Suppose 32*a - 25*a - 42 = 0. What is the units digit of (-158)/(-14) - a/21?
1
Let u be (-1)/(-2 - 3/(-2)). Suppose -k + u = -0*k. Suppose 5*v - 2*g = 225, k*v - g - 82 - 7 = 0. What is the tens digit of v?
4
Let j = 76 - -186. What is the units digit of j?
2
Suppose -4*z - 6 = -4*l + 6*l, -3*l + 5*z + 2 = 0. Let x be -9 + 10 + l + 2. Suppose x*a + 2*a - 56 = -4*q, -3*a - 12 = 0. What is the tens digit of q?
1
Let y = 4831 + -2844. What is the hundreds digit of y?
9
Let q(l) be the first derivative of 3 - 7/2*l**2 - 2*l. What is the tens digit of q(-4)?
2
Suppose -836 = -3*u + c, 21*u - 20*u - c - 278 = 0. What is the tens digit of u?
7
Let b(y) = 10*y**2 - 137*y - 6. What is the tens digit of b(-10)?
6
Let o(k) be the first derivative of -k**3/3 + k**2/2 - 3*k + 4. Let h be o(0). Let t = h - -6. What is the units digit of t?
3
Suppose 3*z - 441 = -5*q + 739, -5*z + 4*q + 1905 = 0. Let y = z + -67. What is the hundreds digit of y?
3
Let p(k) = 22*k**2 - 38*k - 27. What is the units digit of p(9)?
3
What is the hundreds digit of (-3)/(-21) + -282*9/(-21)?
1
Let p = -142 + 141. What is the units digit of (p - 70/6)*(-945)/63?
0
Let o be ((-1)/(-2))/((-2)/132). Suppose -2*x = 3*j - 5, -x + 14*j = 16*j - 5. Let l = x - o. What is the units digit of l?
8
Let z(q) = -4*q - 6. Let y be z(-8). Suppose -2*f + 5*f - y = -h, 2*f = 5*h - 164. What is the tens digit of h?
3
Suppose 2*f - 4*n = 16, 5*f + n - 4 = 2*n. Suppose f*k - 280 = -2*k. Suppose k = 4*h - 0*h. What is the units digit of h?
5
Let y = 801 + -410. What is the hundreds digit of y?
3
Suppose u + 1 - 3 = -3*t, 5*t = 5. What is the hundreds digit of 143 + u/(2*1/2)?
1
Let y = 1473 - 436. What is the thousands digit of y?
1
Suppose 3*x + 3*l - 5427 = -0*l, 3*x - 5*l = 5419. What is the tens digit of x?
0
Suppose d = 3*t - 1016, 3*d - 6 = -3. What is the hundreds digit of t?
3
Suppose 10*i = 2*i + 8200. What is the hundreds digit of i?
0
Suppose -602*a = -600*a - 3120. What is the thousands digit of a?
1
Suppose -4*j + 534 = -22. What is the hundreds digit of j?
1
Let t(h) = h**3 - 10*h**2 - 12*h + 17. Let y be t(11). Suppose k + 3*u = 82, -y*u = 3*k - 5*u - 286. What is the tens digit of k?
9
Suppose -33418 = -61*d + 30*d. What is the thousands digit of d?
1
Let r(w) = 3*w - 27. Let g be r(8). What is the units digit of 3 + -166*g/6?
6
What is the thousands digit of (-6)/14 + 2676310/637?
4
Suppose 16*t - 95 = 15*t. What is the units digit of t?
5
Let s be 0 - 5/((-25)/60). Suppose 6*o - 6 = s. Suppose -4*a - 122 = -2*c, o*c - 155 = -a - 0. What is the units digit of c?
3
What is the tens digit of ((-103)/(-3) - 9)/(4/6)?
3
Suppose 0 = -3*n - 4*l + 3722, n - 153 = -2*l + 1089. What is the units digit of n/8 + (-7)/(-28 + 0)?
5
Suppose -3*b - 3*r - 15 = 0, -2*r - r - 15 = -2*b. Suppose b = -w + 49 + 3. What is the units digit of w?
2
Suppose 4*t - 12 = 0, -i + 3*t + 70 = -603. What is the hundreds digit of i?
6
Suppose -24 = 9*q - 6*q. Let m be -6 + 5 + 2/1. What is the units digit of q/2 + m + 22?
9
Let y = -262 + 265. Let z = -7 - -13. What is the tens digit of (y/1)/(z/82)?
4
Let x(i) = -i + 10. Let r be x(8). Suppose r*f - 4 = -2*f. What is the units digit of f?
1
Suppose 13*z = 2*z + 55. Suppose 4*u - 3*s - 541 = 0, -s = z*u - 5*s - 676. What is the hundreds digit of u?
1
Suppose -3*x = -741 - 2607. What is the tens digit of x?
1
Let j(a) = -7 + 1 + 11 + 0*a**2 + a + 6*a**2 + a**3. What is the tens digit of j(-4)?
3
Let o = 4520 - 2699. What is the hundreds digit of o?
8
Suppose -n + 27 + 0 = 2*w, 2*n + 5*w - 58 = 0. Let l = n - 14. Suppose 2*g = l*x - 31, -10 = -3*x + g + 9. What is the units digit of x?
7
Let i(c) = 70*c + 60. What is the hundreds digit of i(17)?
2
Let s(o) = 17*o + 1. Let d be (-7 - -4)/(3/(-2)). What is the units digit of s(d)?
5
Suppose 11*n - 7256 - 2556 = 0. What is the tens digit of n?
9
What is the hundreds digit of 278/(-5)*1005/(-134)?
4
Suppose -4*v - 8082 = -7*v + 4*b, v - 3*b - 2699 = 0. What is the hundreds digit of v?
6
Let m(c) = 696*c + 99. What is the tens digit of m(3)?
8
Let k be (-1)/(-2) - (-77)/2. Suppose 8*w + 24 = -104. Let l = w + k. What is the units digit of l?
3
Suppose 7*o = 4*o, 0 = -4*h + 3*o + 7688. What is the thousands digit of h?
1
Let y = -344 - -697. What is the units digit of y?
3
Suppose -2*h + 46 = 5*n - 11, 0 = -3*h + n + 60. What is the units digit of h?
1
Let v = -26 + 34. Suppose 14 = g - v. What is the tens digit of g?
2
Suppose -28*x = -23*x - 5*k - 12935, 2*k = 5*x - 12947. What is the units digit of x?
1
Suppose -4*a = -18 - 6. Suppose 3*v = 5*y - 423, v = y + a*v - 79. Suppose 6*s = 4*s + y. What is the units digit of s?
2
Let t = -17 + 20. Suppose 0 = -4*d + t*d + 64. What